{"id":4637,"date":"2020-08-14T16:42:00","date_gmt":"2020-08-14T19:42:00","guid":{"rendered":"http:\/\/www.elfirmamento.com.ar\/?page_id=4637"},"modified":"2025-01-13T16:34:13","modified_gmt":"2025-01-13T19:34:13","slug":"modalidad-de-pago-curso-de-astrofotografia-y-espacio-profundo","status":"publish","type":"page","link":"http:\/\/www.elfirmamento.com.ar\/?page_id=4637","title":{"rendered":"Modalidad de Pago Curso de Astrofotograf\u00eda y Espacio Profundo"},"content":{"rendered":"\n<p>A continuaci\u00f3n les detallamos las distintas opciones para abonar el curso completo.<\/p>\n\n\n\n<ul>\n<li><strong>Valor:<\/strong> $80.000.- (Curso Completo), dependiendo la modalidad de Pago.<\/li>\n\n\n\n<li><strong>Fecha de inicio: <\/strong>Publicada en la secci\u00f3n Curso de Astrofotograf\u00eda<\/li>\n\n\n\n<li><strong>Duraci\u00f3n:<\/strong> 2 meses.<\/li>\n\n\n\n<li><strong>Modo de dictado:<\/strong> Online &#8211; Aula Virtual.<\/li>\n<\/ul>\n\n\n\n<p class=\"has-background\" style=\"background-color:#97eae0\"><strong>MERCADO PAGO <\/strong> &#8211; $80.000<\/p>\n\n\n\n<p> Ser\u00e1 redirigido a la Tienda online WRGe, pudiendo abonar con Tarjeta de Cr\u00e9dito y opci\u00f3n cuotas. <\/p>\n\n\n\n<div class=\"wp-block-button is-style-default\"><a class=\"wp-block-button__link has-background wp-element-button\" href=\"https:\/\/mpago.la\/1ePC6an\" style=\"background-color:#1b4d66\" target=\"_blank\" rel=\"noreferrer noopener\">Abonar v\u00eda Mercado Pago<\/a><\/div>\n\n\n<p><!--EndFragment-->Una vez recibido el pago nos estaremos comunicando v\u00eda mail.<\/p>\n\n\n<p><\/p>\n","protected":false},"excerpt":{"rendered":"<p>A continuaci\u00f3n les detallamos las distintas opciones para abonar el curso completo. MERCADO PAGO &#8211; $80.000 Ser\u00e1 redirigido a la Tienda online WRGe, pudiendo abonar con Tarjeta de Cr\u00e9dito y opci\u00f3n cuotas. Una vez recibido el pago nos estaremos comunicando v\u00eda mail.<\/p>\n","protected":false},"author":1,"featured_media":0,"parent":0,"menu_order":0,"comment_status":"closed","ping_status":"closed","template":"","meta":{"footnotes":""},"jetpack_sharing_enabled":true,"_links":{"self":[{"href":"http:\/\/www.elfirmamento.com.ar\/index.php?rest_route=\/wp\/v2\/pages\/4637"}],"collection":[{"href":"http:\/\/www.elfirmamento.com.ar\/index.php?rest_route=\/wp\/v2\/pages"}],"about":[{"href":"http:\/\/www.elfirmamento.com.ar\/index.php?rest_route=\/wp\/v2\/types\/page"}],"author":[{"embeddable":true,"href":"http:\/\/www.elfirmamento.com.ar\/index.php?rest_route=\/wp\/v2\/users\/1"}],"replies":[{"embeddable":true,"href":"http:\/\/www.elfirmamento.com.ar\/index.php?rest_route=%2Fwp%2Fv2%2Fcomments&post=4637"}],"version-history":[{"count":8,"href":"http:\/\/www.elfirmamento.com.ar\/index.php?rest_route=\/wp\/v2\/pages\/4637\/revisions"}],"predecessor-version":[{"id":7738,"href":"http:\/\/www.elfirmamento.com.ar\/index.php?rest_route=\/wp\/v2\/pages\/4637\/revisions\/7738"}],"wp:attachment":[{"href":"http:\/\/www.elfirmamento.com.ar\/index.php?rest_route=%2Fwp%2Fv2%2Fmedia&parent=4637"}],"curies":[{"name":"wp","href":"https:\/\/api.w.org\/{rel}","templated":true}]}}