{"id":7384,"date":"2024-07-15T02:57:39","date_gmt":"2024-07-15T05:57:39","guid":{"rendered":"https:\/\/www.elfirmamento.com.ar\/?page_id=7384"},"modified":"2024-08-06T23:24:31","modified_gmt":"2024-08-07T02:24:31","slug":"novas-y-supernovas","status":"publish","type":"page","link":"https:\/\/www.elfirmamento.com.ar\/?page_id=7384","title":{"rendered":"Novas y Supernovas"},"content":{"rendered":"\n<p>Las presentes im\u00e1genes muestran las observaciones que se est\u00e1n llevando a cabo por El Firmamento en los \u00faltimos meses respecto a Novas y Supernovas. La diferencia entre ambos eventos es que las Novas son estrellas que han cambiado su brillo, de ser tenues a brillantes con diferencias muy notorias. Con el correr de los d\u00edas vuelve a atenuarse pudiendo repetirse el evento en a\u00f1os posteriori. Com\u00fanmente estos eventos son m\u00e1s visibles en telescopios que a simple vista. Las supernovas, son el evento de la muerte de una estrella, donde gran parte de su materia es expulsada violentamente en energ\u00eda. Tambi\u00e9n son visibles por telescopios ya que son eventos que se suscitan en diferentes galaxias. <\/p>\n\n\n\n<p>Los trabajos que se realizan son astrometr\u00eda y fotometr\u00eda (estudio y medici\u00f3n de la luz proveniente del cuerpo estudiado). Estas mediciones sirven como base de datos para estudiar con m\u00e1s detenimiento su comportamiento gracias a las distintas observaciones y mediciones que se efectuaron por diferentes astr\u00f3nomos aficionados-astr\u00f3nomos de diferentes partes del mundo.<\/p>\n\n\n\n<p>Su estudio es importante para conocer el comportamiento y vida de las estrellas como el significado del universo.<\/p>\n\n\n\n<p class=\"has-text-align-center has-background\" style=\"background-color:#ffe7bd\">Al hacer click en la imagen encontrar\u00e1 informaci\u00f3n sobre dicho cuerpo celeste.<\/p>\n\n\n","protected":false},"excerpt":{"rendered":"<p>Las presentes im\u00e1genes muestran las observaciones que se est\u00e1n llevando a cabo por El Firmamento en los \u00faltimos meses respecto a Novas y Supernovas. La diferencia entre ambos eventos es que las Novas son estrellas que han cambiado su brillo, de ser tenues a brillantes &hellip; <a href=\"https:\/\/www.elfirmamento.com.ar\/?page_id=7384\" class=\"more-link\"><span>Seguir leyendo<span class=\"screen-reader-text\">Novas y Supernovas<\/span><\/span><\/a><\/p>\n","protected":false},"author":1,"featured_media":0,"parent":0,"menu_order":0,"comment_status":"closed","ping_status":"closed","template":"","meta":{"footnotes":""},"jetpack_sharing_enabled":true,"_links":{"self":[{"href":"https:\/\/www.elfirmamento.com.ar\/index.php?rest_route=\/wp\/v2\/pages\/7384"}],"collection":[{"href":"https:\/\/www.elfirmamento.com.ar\/index.php?rest_route=\/wp\/v2\/pages"}],"about":[{"href":"https:\/\/www.elfirmamento.com.ar\/index.php?rest_route=\/wp\/v2\/types\/page"}],"author":[{"embeddable":true,"href":"https:\/\/www.elfirmamento.com.ar\/index.php?rest_route=\/wp\/v2\/users\/1"}],"replies":[{"embeddable":true,"href":"https:\/\/www.elfirmamento.com.ar\/index.php?rest_route=%2Fwp%2Fv2%2Fcomments&post=7384"}],"version-history":[{"count":5,"href":"https:\/\/www.elfirmamento.com.ar\/index.php?rest_route=\/wp\/v2\/pages\/7384\/revisions"}],"predecessor-version":[{"id":7472,"href":"https:\/\/www.elfirmamento.com.ar\/index.php?rest_route=\/wp\/v2\/pages\/7384\/revisions\/7472"}],"wp:attachment":[{"href":"https:\/\/www.elfirmamento.com.ar\/index.php?rest_route=%2Fwp%2Fv2%2Fmedia&parent=7384"}],"curies":[{"name":"wp","href":"https:\/\/api.w.org\/{rel}","templated":true}]}}